t d(q) = -q + 14. Let t be d(14). Let l be z(t). Suppose -5*b - x = -220, 0*b + l*b - 3*x = 88. What is the units digit of b?
4
Suppose 5*c + 56780 = 5*w, 0 = -4*w + 789*c - 788*c + 45403. What is the ten thousands digit of w?
1
Let p(l) = -7997*l - 1287. What is the tens digit of p(-4)?
0
Let d(g) = -3*g**3 + 3*g**2 - 43*g - 17. Let y(x) = -4*x**3 + 4*x**2 - 64*x - 25. Let f(t) = -7*d(t) + 5*y(t). What is the hundreds digit of f(8)?
2
Suppose 251 = 9*s + 206. Suppose -6*l - 784 = -8*l + s*i, 4*i = 0. What is the hundreds digit of l?
3
Suppose -230 = -6*k + 11*k. What is the tens digit of (2/8)/(k/920) - -1461?
5
Let q = 57 + -52. Let t(y) = 3*y**3 + 6*y**2 + 4*y - 5. Let x(w) = -4*w**3 - 9*w**2 - 6*w + 7. Let i(n) = q*x(n) + 7*t(n). What is the units digit of i(4)?
8
Suppose 1550 = -8*y + 6046. Suppose 38 + y = 6*i. What is the hundreds digit of i?
1
Suppose -101*y + 75*y = -286. Suppose y*w = -9*w + 13780. What is the tens digit of w?
8
Let r = 3421 - -15969. What is the ten thousands digit of r?
1
Let l = -69 - -34. Let d be (48/28)/((-10)/l). Suppose 0 = -7*h + d*h + 6. What is the units digit of h?
6
Suppose n = -4*v + 18, -6*v + 20 = -2*v + 2*n. Suppose 0 = -5*x + 3*i + 3483, -v*x + 4258 - 1475 = i. What is the units digit of x?
6
Suppose h - 402 = -405, 3*h + 428559 = 5*x. What is the hundreds digit of x?
7
Let m = 5624 - -3686. What is the units digit of m?
0
Suppose -29589 = -15*l + 21426. What is the thousands digit of l?
3
What is the units digit of ((-1584)/(-315)*5)/(4/14)?
8
Suppose 48*n + 3*n = -1700125 + 4745896. What is the thousands digit of n?
9
Suppose w - 9 = -2*p, 5*p + w - 9 = 9. Let h be (-26)/(-6) - ((-22)/6 + p). Suppose 0*q - 3*q + 486 = 3*g, h*g - q = 798. What is the units digit of g?
0
Suppose 3*h = 4*h - 1065. Let o be ((-38)/(-12))/((-4)/(-96)). Suppose 0 = o*n - 81*n + h. What is the hundreds digit of n?
2
What is the units digit of 4 - (-4)/1 - (-1728 - 3)?
9
Let m = 81202 - 45285. What is the hundreds digit of m?
9
Let z(u) = 4611*u - 1271. What is the hundreds digit of z(10)?
8
Let v be 32/(-8) - (-17)/1. Suppose v*r - 11*r + 2 = 0. What is the units digit of 66/(-5)*r*(-150)/(-45)?
4
Suppose 5*z = 6*g - 3*g + 3942, -2362 = -3*z + 5*g. Suppose z = 5*b - 2*a, 2*a + 56 = 2*b - 262. What is the units digit of b?
7
Suppose 4752 = 2*i + 2*w, 83*i = 88*i - w - 11892. What is the tens digit of i?
7
Suppose -48*x - 3*a = -44*x - 108530, 6*a = 12. What is the units digit of x?
1
Let s(k) = 149*k + 22. Let v be s(-3). Let o = v + 179. Let n = -149 - o. What is the units digit of n?
7
Suppose -3 = -5*j + 4*j - v, -7 = -3*j - v. Let m(s) = 81*s**3 + 2*s**2 - 5*s. What is the tens digit of m(j)?
4
What is the thousands digit of (-10 + 13 - (1 + 1))*5393?
5
Let m = 6709 + 6050. What is the units digit of m?
9
Let s = -38103 - -73410. What is the units digit of s?
7
Let x(b) = -3*b + 111. Let j be x(32). Suppose j*z - 12*z - 645 = 0. What is the tens digit of z?
1
Suppose 3 = -2*a - 4*k + 19, a = -3*k + 10. Let j(t) = 5*t - 10. Let v be j(a). Suppose -f = 2, -f = 6*q - 2*q - v. What is the units digit of q?
3
Suppose -5*m = -3*i + 28731, 0*i = -4*i + 3*m + 38330. What is the tens digit of i?
8
Let o = 78322 - 34214. What is the hundreds digit of o?
1
Let g = -2785 - -9943. What is the tens digit of g?
5
Let o = -16 + -660. Let b = 1151 + o. What is the hundreds digit of b?
4
Let q(s) = 16*s + s**2 + 0*s**2 - 96 - 59*s - 2*s**2. What is the units digit of q(-15)?
4
Let j be 10*(-9)/(-9) + -6. Suppose z = -4*c + 12, 0 = -c - 3*z - 2*z + 3. Suppose -c*h + 365 = -2*v + 99, j*h - 3*v - 354 = 0. What is the units digit of h?
0
Let t(r) = 2*r**2 + r + 14. Suppose 0 = 3*b + 51 + 15. Let c = b + 12. What is the units digit of t(c)?
4
Let o = 25650 + -9282. What is the thousands digit of o?
6
Suppose 292*r + 177*r = -128*r + 5156886. What is the thousands digit of r?
8
Suppose -96*j = -98*j - 3*y + 51400, -4*j - 4*y = -102796. What is the hundreds digit of j?
6
Let x(u) = u**3 - 28*u**2 + 307*u - 62. What is the tens digit of x(12)?
1
Let v = 499 + -488. Suppose -v*z = -z - 7010. What is the units digit of z?
1
Let w(z) = 2*z - 22. Let d be w(11). Suppose d = 2*c + 426 - 104. Let a = c - -240. What is the tens digit of a?
7
Suppose 0 = 4*r - 3*k - 17, -7 = -4*r + 8*k - 3*k. Suppose -j + r*y + 74 = 9*y, 5*j - 358 = -y. What is the tens digit of j?
7
What is the hundreds digit of (1/(-7))/(39/(-5 + -5265892))?
2
Let j = -1493 - -6147. What is the thousands digit of j?
4
Suppose -j + 30 + 31 = 0. Let w = j + -57. Suppose -5*x + 368 = w*o, -4*x - 3*o - o + 296 = 0. What is the tens digit of x?
7
What is the thousands digit of (1 + -2)/(15/(-2131140)*4)?
5
Suppose 0 = 3*t - 19 - 101. Let z = -2307 + 2309. Suppose -t - 2 = -z*a. What is the tens digit of a?
2
Let l = -20763 + 41812. What is the hundreds digit of l?
0
Suppose 5595 + 5081 = 4*u. What is the units digit of u?
9
Let b(p) = -4009*p - 68. What is the units digit of b(-1)?
1
Let l(p) = -69*p + 32. Suppose -8*s + 2*x = -3*s + 85, -5 = -x. What is the tens digit of l(s)?
6
Suppose 3*y + 2*i - 7*i = -22, -2*y + 3*i - 15 = 0. What is the hundreds digit of (-4644)/45*30/y?
3
Suppose s + 105 = 7*b - 6*b, 2*b + 105 = -s. Let y(n) = 7*n**2 + 5*n + 6. Let l be y(-5). Let g = s + l. What is the units digit of g?
1
Let j = 5420 - -6314. What is the thousands digit of j?
1
Let c(u) = 4*u**2 - 15*u + 5. Let l be c(7). Suppose 4*q = q - 2*h + 154, l = 2*q + 3*h. Suppose -2*i = -302 + q. What is the units digit of i?
4
Let t(z) be the second derivative of -z**3/2 + 6*z**2 - 28*z + 4. Let a(o) = -o**3 - 6*o**2 - 3*o + 7. Let r be a(-5). What is the tens digit of t(r)?
2
Suppose 0 = 13*h + 2*h. Let b be h + 5/20 + 3/(-12). Suppose -k - q + 11 = 0, 1 = k - b*k + 3*q. What is the tens digit of k?
1
Let c(o) = 88*o + 186. Let h be c(12). Let l = h + -869. What is the hundreds digit of l?
3
Let b(y) = -y**3 + 5*y**2 + 4*y - 5. Let m be b(6). Let t be 2 + (0 - m) - 2. Suppose -t*p - 180 = -21*p. What is the tens digit of p?
4
Let h = -46904 + 68729. What is the ten thousands digit of h?
2
Let p(l) = -l - 1. Suppose 11 - 221 = 10*u. What is the tens digit of p(u)?
2
Let z(g) = 171*g**2 - 2*g - 1. Let t be z(-1). Suppose 3*k + n = 216 + t, -3*k = -5*n - 382. What is the units digit of k?
9
Let h be 12/20 + (-14)/(-10). Suppose m - h*r - 1 = 4*m, -3*m + 2*r = 5. What is the tens digit of (-998)/8*m - (-6)/(-8)?
2
Let i(d) = d**3 + 100*d**2 - 291*d + 962. What is the thousands digit of i(-100)?
0
Let x(g) = -43 - g**2 + 10*g + 93 + 32. What is the tens digit of x(0)?
8
Let f(u) = -u**2 - 6*u - 3. Let v be f(-5). Suppose 3 = 2*w + 5*h, -3*w - h = 4 - v. What is the units digit of (14/8 + w)/((-19)/(-2660))?
5
Let n = 62 - 71. What is the hundreds digit of 0 + 164/(-6)*n?
2
Let z(r) = 56*r**2 - 8*r - 8. Let j be z(5). Suppose -4*n + 1395 = 5*c + 43, -4*n + j = c. What is the units digit of n?
8
Let k be ((-7715)/9 - (-10)/45)*-3. Suppose k + 1569 = 9*a. Suppose 5*l - a = 375. What is the tens digit of l?
6
What is the hundreds digit of 6*1/(-8) - (-40220)/80?
5
Let i = -25095 - -37104. What is the hundreds digit of i?
0
Suppose -2*u - 50038 = -4*k, 0 = 1178*u - 1183*u + 15. What is the ten thousands digit of k?
1
Let o be (33/(-99))/(-1*(-1)/(-12)). Suppose -o*j = -2*j - 12. Suppose -n = -j*n + 260. What is the units digit of n?
2
Let h = -41 + 47. Let q = h - -29. What is the tens digit of q?
3
Let f(l) = -15*l + 77. Let w be f(0). Suppose z = -m - 2*z + w, -3*m - 4*z = -236. What is the tens digit of m?
8
Suppose 3*d = -r + 41, -5*r = -3*d + 2*d - 13. Suppose 2*h - d*h = -5570. What is the hundreds digit of h?
5
Suppose 0 = -2*f + 5*f. Suppose f*r + 5 = -5*r. What is the tens digit of r/(4/(-264)*1)?
6
Let g be 24*10/300*(6 - 1). Suppose -175 - 2009 = -2*r + g*z, 5*r - 5436 = 4*z. What is the tens digit of r?
8
Let g(f) be the first derivative of 2*f**3/3 - 2*f**2 - 11*f + 1. Let d = 703 + -696. What is the tens digit of g(d)?
5
What is the units digit of (-85)/55 - -1 - 1232370/(-33)?
4
Suppose 0 = 20*s - 9*s - 10164. Suppose r + 3*w = -34 + 215, s = 5*r - 4*w. What is the hundreds digit of r?
1
Let d be 4*(1 - (-3 + 13/4)). Let u(y) = 85*y**2 - 6*y - 7. Let i be u(-3). Suppose -d*h - i = -11*h. Wh